{"id":74,"date":"2020-09-02T12:16:35","date_gmt":"2020-09-02T10:16:35","guid":{"rendered":"http:\/\/albanechampey.com\/?page_id=74"},"modified":"2026-03-30T16:00:35","modified_gmt":"2026-03-30T14:00:35","slug":"services","status":"publish","type":"page","link":"https:\/\/albanechampey.com\/?page_id=74","title":{"rendered":"MES SERVICES"},"content":{"rendered":"\n<div class=\"wp-block-cover alignfull has-background-dim-40 has-background-dim\" style=\"background-image:url(http:\/\/albanechampey.com\/wp-content\/uploads\/2020\/09\/pexels-burst-374631-1-scaled.jpg);background-color:#c0b081;background-position:50% 49%;min-height:367px;aspect-ratio:unset;\"><div class=\"wp-block-cover__inner-container is-layout-flow wp-block-cover-is-layout-flow\">\n<p class=\"has-text-align-center\" style=\"font-size:20px\">Une strat\u00e9gie de communication digitale ne s&#8217;improvise pas &#8230;<\/p>\n<\/div><\/div>\n\n\n\n<div style=\"height:60px\" aria-hidden=\"true\" class=\"wp-block-spacer\"><\/div>\n\n\n\n<hr class=\"wp-block-separator has-text-color has-background is-style-wide\" style=\"background-color:#d7b34a;color:#d7b34a\"\/>\n\n\n\n<div class=\"wp-block-group\"><div class=\"wp-block-group__inner-container is-layout-flow wp-block-group-is-layout-flow\">\n<div class=\"wp-block-group\"><div class=\"wp-block-group__inner-container is-layout-flow wp-block-group-is-layout-flow\">\n<div class=\"wp-block-group alignfull\"><div class=\"wp-block-group__inner-container is-layout-flow wp-block-group-is-layout-flow\">\n<div class=\"wp-block-group\"><div class=\"wp-block-group__inner-container is-layout-flow wp-block-group-is-layout-flow\">\n<h2 class=\"has-text-align-center has-text-color wp-block-heading\" style=\"color:#cf9e8e\">Conception d&#8217;une strat\u00e9gie social media sur mesure<\/h2>\n\n\n\n<div class=\"wp-block-group alignwide\"><div class=\"wp-block-group__inner-container is-layout-flow wp-block-group-is-layout-flow\">\n<ul class=\"wp-block-list\"><li>Une \u00e9tape incontournable pour <strong>d\u00e9finir vos objectifs <\/strong>et les actions \u00e0 mettre en place pour les atteindre.<\/li><li><strong>Le fil rouge de toute votre communication sur le web<\/strong> et les r\u00e9seaux sociaux : votre ligne \u00e9ditoriale et visuelle, le choix de vos r\u00e9seaux, votre rythme de publication, les indicateurs de performances les plus pertinents. <\/li><\/ul>\n<\/div><\/div>\n<\/div><\/div>\n<\/div><\/div>\n<\/div><\/div>\n\n\n\n<p><\/p>\n<\/div><\/div>\n\n\n\n<hr class=\"wp-block-separator has-text-color has-background is-style-wide\" style=\"background-color:#d7b34a;color:#d7b34a\"\/>\n\n\n\n<div class=\"wp-block-group\"><div class=\"wp-block-group__inner-container is-layout-flow wp-block-group-is-layout-flow\">\n<div class=\"wp-block-group alignfull\"><div class=\"wp-block-group__inner-container is-layout-flow wp-block-group-is-layout-flow\">\n<div class=\"wp-block-group alignwide\"><div class=\"wp-block-group__inner-container is-layout-flow wp-block-group-is-layout-flow\">\n<h2 class=\"has-text-align-center has-text-color wp-block-heading\" style=\"color:#cf9e8e\">Gestion, animation et veille de vos r\u00e9seaux sociaux <\/h2>\n\n\n\n<div class=\"wp-block-group\"><div class=\"wp-block-group__inner-container is-layout-flow wp-block-group-is-layout-flow\">\n<ul class=\"wp-block-list\"><li>Mise en place d&#8217;un <strong>calendrier \u00e9ditorial <\/strong>de publications (inclus dans la strat\u00e9gie social media)<\/li><li><strong>R\u00e9daction de contenus<\/strong><\/li><li>mod\u00e9ration et gestion de la relation avec vos abonn\u00e9s <\/li><li>recrutement de<strong> followers <\/strong><\/li><li>veille concurrentielle<\/li><li><strong>reporting et mesures d&#8217;audience<\/strong><\/li><\/ul>\n\n\n\n<p><\/p>\n<\/div><\/div>\n<\/div><\/div>\n<\/div><\/div>\n<\/div><\/div>\n\n\n\n<hr class=\"wp-block-separator has-text-color has-background is-style-wide\" style=\"background-color:#d7b34a;color:#d7b34a\"\/>\n\n\n\n<div class=\"wp-block-group\"><div class=\"wp-block-group__inner-container is-layout-flow wp-block-group-is-layout-flow\">\n<div class=\"wp-block-group alignfull\"><div class=\"wp-block-group__inner-container is-layout-flow wp-block-group-is-layout-flow\">\n<div class=\"wp-block-group\"><div class=\"wp-block-group__inner-container is-layout-flow wp-block-group-is-layout-flow\">\n<div class=\"wp-block-group alignwide\"><div class=\"wp-block-group__inner-container is-layout-flow wp-block-group-is-layout-flow\">\n<h2 class=\"has-text-align-center has-text-color wp-block-heading\" style=\"color:#cf9e8e\">Influence<\/h2>\n\n\n\n<div class=\"wp-block-group alignfull\"><div class=\"wp-block-group__inner-container is-layout-flow wp-block-group-is-layout-flow\">\n<ul class=\"wp-block-list\"><li>Un levier incontournable pour votre <strong>strat\u00e9gie marketing<\/strong> et vous faire conna\u00eetre et agrandir votre communaut\u00e9 et prospects<\/li><li><strong>Identifier les influenceurs pertinents<\/strong> en fonction de votre identit\u00e9 et de vos valeurs<\/li><li>Organisation et suivi de<strong> partenariats<\/strong> <\/li><li>Reporting et mesures d&#8217;audience<\/li><\/ul>\n<\/div><\/div>\n<\/div><\/div>\n<\/div><\/div>\n<\/div><\/div>\n<\/div><\/div>\n\n\n\n<hr class=\"wp-block-separator has-text-color has-background is-style-wide\" style=\"background-color:#d7b34a;color:#d7b34a\"\/>\n\n\n\n<div class=\"wp-block-group alignfull\"><div class=\"wp-block-group__inner-container is-layout-flow wp-block-group-is-layout-flow\">\n<div class=\"wp-block-group\"><div class=\"wp-block-group__inner-container is-layout-flow wp-block-group-is-layout-flow\">\n<div class=\"wp-block-group alignfull\"><div class=\"wp-block-group__inner-container is-layout-flow wp-block-group-is-layout-flow\">\n<div class=\"wp-block-group alignwide\"><div class=\"wp-block-group__inner-container is-layout-flow wp-block-group-is-layout-flow\">\n<h2 class=\"has-text-align-center has-text-color wp-block-heading\" style=\"color:#cf9e8e\">R\u00e9daction web<\/h2>\n\n\n\n<div class=\"wp-block-group\"><div class=\"wp-block-group__inner-container is-layout-flow wp-block-group-is-layout-flow\">\n<ul class=\"wp-block-list\"><li>Les mots justes pour d\u00e9crire votre entreprise, <strong>la formule &#8220;waouh&#8221; pour communiquer sur vos produits, vos id\u00e9es<\/strong>.<\/li><li>Des textes adapt\u00e9s au web (contenus de site et blog ) et <strong>optimis\u00e9s pour le r\u00e9f\u00e9rencement .<\/strong><\/li><\/ul>\n\n\n\n<p><\/p>\n<\/div><\/div>\n<\/div><\/div>\n<\/div><\/div>\n<\/div><\/div>\n<\/div><\/div>\n\n\n\n<p><\/p>\n","protected":false},"excerpt":{"rendered":"<p>Conception d&#8217;une strat\u00e9gie social media sur mesure Une \u00e9tape incontournable pour d\u00e9finir vos objectifs et les actions \u00e0 mettre en place pour les atteindre. Le fil rouge de toute votre communication sur le web et les r\u00e9seaux sociaux :(&#8230;)<\/p>\n","protected":false},"author":1,"featured_media":0,"parent":0,"menu_order":0,"comment_status":"closed","ping_status":"closed","template":"","meta":{"footnotes":""},"class_list":["post-74","page","type-page","status-publish","hentry"],"_links":{"self":[{"href":"https:\/\/albanechampey.com\/index.php?rest_route=\/wp\/v2\/pages\/74","targetHints":{"allow":["GET"]}}],"collection":[{"href":"https:\/\/albanechampey.com\/index.php?rest_route=\/wp\/v2\/pages"}],"about":[{"href":"https:\/\/albanechampey.com\/index.php?rest_route=\/wp\/v2\/types\/page"}],"author":[{"embeddable":true,"href":"https:\/\/albanechampey.com\/index.php?rest_route=\/wp\/v2\/users\/1"}],"replies":[{"embeddable":true,"href":"https:\/\/albanechampey.com\/index.php?rest_route=%2Fwp%2Fv2%2Fcomments&post=74"}],"version-history":[{"count":1,"href":"https:\/\/albanechampey.com\/index.php?rest_route=\/wp\/v2\/pages\/74\/revisions"}],"predecessor-version":[{"id":850,"href":"https:\/\/albanechampey.com\/index.php?rest_route=\/wp\/v2\/pages\/74\/revisions\/850"}],"wp:attachment":[{"href":"https:\/\/albanechampey.com\/index.php?rest_route=%2Fwp%2Fv2%2Fmedia&parent=74"}],"curies":[{"name":"wp","href":"https:\/\/api.w.org\/{rel}","templated":true}]}}